 and 7?
7
Calculate the highest common factor of 28 and 61264826.
14
Calculate the highest common factor of 1320 and 6543735.
165
What is the highest common factor of 64701 and 37209?
237
What is the greatest common divisor of 11130 and 220052820?
1590
Calculate the highest common factor of 16677 and 8842516.
1853
Calculate the highest common divisor of 50 and 67554475.
25
What is the greatest common factor of 2163 and 21445115?
103
Calculate the highest common factor of 10322884 and 117.
13
Calculate the greatest common factor of 324 and 3096696.
12
Calculate the highest common divisor of 1669 and 965571577.
1669
What is the greatest common factor of 506 and 295406434?
46
Calculate the highest common factor of 259430 and 4765.
5
Calculate the highest common divisor of 589024 and 16669.
79
Calculate the greatest common divisor of 249 and 59021466.
249
What is the highest common divisor of 2504057 and 218?
109
What is the highest common factor of 28 and 300704?
4
Calculate the highest common factor of 20535804 and 12.
12
Calculate the greatest common factor of 6432 and 60261609.
201
Calculate the greatest common divisor of 328475 and 2800.
175
Calculate the highest common factor of 465 and 1779795.
15
What is the greatest common divisor of 1639575 and 18675?
225
What is the highest common divisor of 521564 and 19190?
202
What is the greatest common factor of 17115732 and 4104?
2052
What is the greatest common divisor of 36889 and 421731?
997
Calculate the highest common factor of 23612056 and 416.
104
What is the highest common factor of 305 and 59975?
5
Calculate the highest common divisor of 2368210 and 6030.
10
Calculate the greatest common divisor of 17662799 and 4389.
1463
Calculate the highest common factor of 304 and 13536.
16
What is the greatest common factor of 285 and 293641675?
95
What is the greatest common divisor of 21811249 and 2892157?
10441
What is the highest common divisor of 50736852 and 2124?
36
What is the greatest common divisor of 48 and 2213146344?
24
What is the highest common factor of 4253165 and 10960?
685
Calculate the greatest common factor of 3589 and 44873267.
3589
Calculate the greatest common factor of 963 and 3483813.
321
Calculate the greatest common factor of 540 and 52987230.
270
Calculate the highest common factor of 192292 and 48.
4
What is the highest common factor of 98716 and 2002218?
2146
Calculate the highest common factor of 55984 and 7600.
16
Calculate the greatest common divisor of 249 and 9590069.
83
Calculate the greatest common factor of 510 and 13935070.
170
What is the greatest common factor of 15735 and 321563607?
3147
What is the highest common divisor of 9549 and 4819062?
3183
What is the highest common factor of 96476 and 19512?
1084
What is the highest common divisor of 89315028 and 216?
108
Calculate the greatest common factor of 161 and 32264262.
23
What is the greatest common factor of 63382117 and 39134?
1151
Calculate the greatest common factor of 1996 and 116413207.
499
What is the greatest common divisor of 35 and 23602670?
35
Calculate the greatest common factor of 22019 and 222687.
227
What is the highest common divisor of 3363 and 264309?
57
Calculate the greatest common divisor of 263655 and 62681535.
9765
What is the highest common divisor of 11337 and 835926137?
3779
Calculate the highest common factor of 123116195 and 2866.
1433
Calculate the highest common divisor of 5363316 and 41076.
252
What is the greatest common factor of 3 and 2606803?
1
What is the highest common factor of 2 and 8164381?
1
Calculate the greatest common divisor of 12770544 and 72.
24
What is the highest common divisor of 2504355 and 7590?
345
Calculate the highest common divisor of 421 and 172929539.
421
What is the greatest common factor of 4421916 and 2938?
226
What is the highest common divisor of 22256 and 13635973?
1391
Calculate the highest common divisor of 35975521 and 271.
271
Calculate the greatest common divisor of 291818 and 9434.
106
What is the highest common divisor of 2330 and 122881?
1
Calculate the highest common factor of 92 and 64228719.
23
What is the highest common factor of 207594040 and 360?
40
What is the greatest common divisor of 205 and 23055817?
41
Calculate the greatest common factor of 30 and 249644265.
15
Calculate the greatest common factor of 2914 and 41700797.
1457
What is the highest common divisor of 273 and 118586?
13
Calculate the greatest common divisor of 223 and 80891689.
223
What is the greatest common factor of 11111919 and 11817?
3939
What is the highest common factor of 1197 and 87029614?
133
Calculate the greatest common divisor of 13639466 and 1814.
1814
What is the greatest common divisor of 15641300 and 8875?
1775
Calculate the highest common factor of 1749110 and 1100.
110
Calculate the greatest common divisor of 2166 and 61534977.
1083
What is the greatest common factor of 12129525 and 9?
9
What is the greatest common divisor of 16 and 401032?
8
What is the highest common divisor of 5084 and 7589141?
1271
Calculate the highest common factor of 529 and 38636573.
529
What is the greatest common factor of 2677432 and 748?
68
Calculate the highest common divisor of 6162800 and 1072600.
6200
Calculate the greatest common factor of 1881 and 1872621.
171
What is the highest common divisor of 5734 and 958518?
94
What is the highest common factor of 831 and 662040?
3
What is the greatest common factor of 42354 and 204819238?
4706
Calculate the greatest common divisor of 4827374 and 1264.
158
Calculate the highest common factor of 7922 and 7642400.
466
Calculate the greatest common divisor of 143 and 8113677.
143
What is the greatest common factor of 3402 and 90315?
81
Calculate the highest common factor of 7902 and 71546464.
878
What is the highest common factor of 36000591 and 462?
33
What is the greatest common divisor of 201 and 168898692?
201
What is the greatest common divisor of 2415916946 and 2182?
2182
What is the highest common divisor of 34 and 12162973?
17
What is the greatest common factor of 21562670 and 775?
155
What is the highest common divisor of 5116891 and 806?
403
Calculate the highest common divisor of 159 and 432374.
53
Calculate the greatest common factor of 371 and 3569285.
53
What is the highest common divisor of 1192315850 and 3025?
3025
Calculate the greatest common factor of 18674624 and 64.
64
Calculate the greatest common divisor of 1240 and 22330760.
40
What is the highest common divisor of 4015982 and 12181?
937
Calculate the greatest common factor of 1879740 and 142308.
2124
What is the greatest common divisor of 4291521 and 78?
39
What is the greatest common factor of 2793 and 1531191?
57
Calculate the highest common factor of 202 and 1359744214.
202
What is the greatest common factor of 4927859 and 14246?
419
Calculate the highest common factor of 72413 and 36547.
227
Calculate the greatest common factor of 13 and 1857538527.
13
What is the greatest common factor of 131 and 2263549?
131
Calculate the highest common divisor of 25746 and 39420804.
3678
Calculate the greatest common factor of 432 and 39104532.
108
Calculate the greatest common divisor of 375455992 and 16.
8
Calculate the greatest common factor of 248200 and 986.
34
Calculate the highest common divisor of 15503 and 817469.
419
Calculate the highest common divisor of 1649088 and 87040.
64
Calculate the highest common factor of 142 and 20094633.
71
What is the highest common divisor of 16 and 35503660?
4
What is the greatest common factor of 119 and 2519366?
17
Calculate the greatest common factor of 93444801 and 102.
51
Calculate the greatest common factor of 38407 and 223676.
199
What is the greatest common divisor of 689729 and 121301?
101
What is the highest common factor of 568 and 4163096?
8
What is the greatest common divisor of 110 and 7914533?
11
Calculate the highest common factor of 6826405 and 315.
5
Calculate the highest common factor of 2522 and 1237444.
26
What is the highest common factor of 11 and 91286833?
11
Calculate the greatest common factor of 447 and 283171222.
149
What is the highest common divisor of 82653080 and 50?
10
What is the greatest common divisor of 59685 and 10095?
15
Calculate the highest common divisor of 41172 and 504